4
What is the remainder when 58856 is divided by 409?
369
Calculate the remainder when 22870 is divided by 887.
695
What is the remainder when 1069629 is divided by 24?
21
Calculate the remainder when 23760 is divided by 39.
9
Calculate the remainder when 5669 is divided by 123.
11
What is the remainder when 4452 is divided by 1470?
42
Calculate the remainder when 4914 is divided by 2448.
18
Calculate the remainder when 3953 is divided by 44.
37
Calculate the remainder when 1070705 is divided by 47.
45
Calculate the remainder when 1842 is divided by 914.
14
Calculate the remainder when 6369 is divided by 463.
350
Calculate the remainder when 23128 is divided by 11527.
74
Calculate the remainder when 1014826 is divided by 41.
35
What is the remainder when 1762 is divided by 101?
45
Calculate the remainder when 32206 is divided by 16.
14
What is the remainder when 3405 is divided by 38?
23
Calculate the remainder when 1095 is divided by 363.
6
What is the remainder when 1753 is divided by 136?
121
Calculate the remainder when 1087 is divided by 375.
337
Calculate the remainder when 58780 is divided by 392.
372
What is the remainder when 99901 is divided by 908?
21
Calculate the remainder when 13556 is divided by 6756.
44
Calculate the remainder when 3838 is divided by 2284.
1554
Calculate the remainder when 131408 is divided by 995.
68
Calculate the remainder when 8881 is divided by 1776.
1
What is the remainder when 577670 is divided by 192553?
11
Calculate the remainder when 77231 is divided by 31.
10
Calculate the remainder when 2890270 is divided by 22.
20
What is the remainder when 6384 is divided by 374?
26
What is the remainder when 5125 is divided by 2561?
3
Calculate the remainder when 29223 is divided by 74.
67
Calculate the remainder when 2935 is divided by 1260.
415
Calculate the remainder when 1579 is divided by 51.
49
Calculate the remainder when 115872 is divided by 1839.
15
Calculate the remainder when 20057 is divided by 8.
1
Calculate the remainder when 14972 is divided by 52.
48
What is the remainder when 34983 is divided by 34902?
81
What is the remainder when 2978400 is divided by 21?
12
What is the remainder when 90978 is divided by 7?
6
What is the remainder when 5387 is divided by 5377?
10
Calculate the remainder when 211838 is divided by 160.
158
What is the remainder when 5179 is divided by 9?
4
What is the remainder when 1513 is divided by 756?
1
Calculate the remainder when 5250 is divided by 907.
715
Calculate the remainder when 106366 is divided by 186.
160
What is the remainder when 11137 is divided by 486?
445
Calculate the remainder when 918 is divided by 150.
18
Calculate the remainder when 1197 is divided by 217.
112
Calculate the remainder when 114991 is divided by 165.
151
What is the remainder when 1223143 is divided by 131?
127
Calculate the remainder when 2867 is divided by 406.
25
What is the remainder when 4412 is divided by 617?
93
What is the remainder when 9964 is divided by 114?
46
Calculate the remainder when 20882 is divided by 10441.
0
Calculate the remainder when 26764 is divided by 60.
4
Calculate the remainder when 43590 is divided by 39.
27
What is the remainder when 3478 is divided by 88?
46
Calculate the remainder when 103693 is divided by 121.
117
What is the remainder when 5958 is divided by 149?
147
Calculate the remainder when 66443 is divided by 523.
22
Calculate the remainder when 2625 is divided by 488.
185
What is the remainder when 24996 is divided by 576?
228
What is the remainder when 156527 is divided by 48?
47
Calculate the remainder when 20575 is divided by 85.
5
What is the remainder when 55646 is divided by 18546?
8
Calculate the remainder when 340732 is divided by 1042.
1040
What is the remainder when 17897 is divided by 852?
5
Calculate the remainder when 299329 is divided by 44.
41
What is the remainder when 1681 is divided by 413?
29
What is the remainder when 361567 is divided by 99?
19
What is the remainder when 207900 is divided by 1341?
45
What is the remainder when 4369 is divided by 206?
43
Calculate the remainder when 1520 is divided by 62.
32
What is the remainder when 65220 is divided by 128?
68
What is the remainder when 66581 is divided by 51?
26
What is the remainder when 56868 is divided by 28400?
68
Calculate the remainder when 5235 is divided by 194.
191
What is the remainder when 55017 is divided by 2392?
1
What is the remainder when 3567 is divided by 394?
21
What is the remainder when 6967 is divided by 54?
1
What is the remainder when 36244 is divided by 7243?
29
What is the remainder when 284594 is divided by 53?
37
What is the remainder when 1666 is divided by 60?
46
What is the remainder when 9142 is divided by 72?
70
Calculate the remainder when 39153 is divided by 2933.
1024
What is the remainder when 60961 is divided by 7608?
97
Calculate the remainder when 34667 is divided by 680.
667
Calculate the remainder when 71077 is divided by 384.
37
What is the remainder when 70121 is divided by 5393?
12
What is the remainder when 44755 is divided by 14913?
16
What is the remainder when 24634 is divided by 37?
29
What is the remainder when 9414269 is divided by 9?
8
What is the remainder when 15448 is divided by 15418?
30
Calculate the remainder when 30543 is divided by 2764.
139
Calculate the remainder when 16672 is divided by 320.
32
What is the remainder when 55217 is divided by 220?
217
What is the remainder when 28493 is divided by 750?
743
What is the remainder when 12364 is divided by 12307?
57
Calculate the remainder when 488093 is divided by 1019.
1011
Calculate the remainder when 18988 is divided by 1891.
78
What is the remainder when 134457 is divided by 288?
249
What is the remainder when 28486 is divided by 515?
161
What is the remainder when 638 is divided by 55?
33
What is the remainder when 5112 is divided by 2451?
210
What is the remainder when 2658 is divided by 97?
39
Calculate the remainder when 1428 is divided by 484.
460
Calculate the remainder when 303855 is divided by 14.
13
Calculate the remainder when 693 is divided by 91.
56
Calculate the remainder when 3783 is divided by 338.
65
What is the remainder when 3047 is divided by 531?
392
Calculate the remainder when 1783 is divided by 1780.
3
Calculate the remainder when 96209 is divided by 1689.
1625
Calculate the remainder when 28561 is divided by 77.
71
What is the remainder when 4520 is divided by 2229?
62
Calculate the remainder when 90255 is divided by 307.
304
What is the remainder when 571 is divided by 214?
143
What is the remainder when 3195 is divided by 1496?
203
What is the remainder when 5641589 is divided by 15?
14
What is the remainder when 7144 is divided by 1404?
124
Calculate the remainder when 4017 is divided by 225.
192
Calculate the remainder when 7253 is divided by 44.
37
What is the remainder when 31000 is divided by 38?
30
Calculate the remainder when 22889609 is divided by 30.
29
Calculate the remainder when 2341 is divided by 248.
109
What is the remainder when 160426 is divided by 348?
346
What is the remainder when 4506 is divided by 785?
581
What is the remainder when 1553 is divided by 770?
13
Calculate the remainder when 36406 is divided by 628.
610
What is the remainder when 5257 is divided by 173?
67
Calculate the remainder when 36094 is divided by 79.
70
What is the remainder when 686413 is divided by 67?
65
Calculate the remainder when 4464 is divided by 891.
9
What is the remainder when 1894 is divided by 1848?
46
Calculate the remainder when 2799717 is divided by 202.
199
What is the remainder when 4990 is divided by 43?
2
What is the remainder when 75507 is divided by 108?
15
What is the remainder when 10592 is divided by 592?
528
Calculate the remainder when 8352 is divided by 62.
44
Calculate the remainder when 73603 is divided by 36797.
9
Calculate the remainder when 1835 is divided by 78.
41
What is the remainder when 4249 is divided by 1064?
1057
What is the remainder when 73454 is divided by 59?
58
What is the remainder when 27196 is divided by 3398?
12
Calculate the remainder when 43350 is divided by 13.
8
What is the remainder when 32506 is divided by 32?
26
Calculate the remainder when 268080 is divided by 134032.
16
What is the r